{"id":6,"date":"2023-03-06T14:45:17","date_gmt":"2023-03-06T14:45:17","guid":{"rendered":"https:\/\/mchelminiak.pl\/?page_id=6"},"modified":"2023-04-16T11:24:45","modified_gmt":"2023-04-16T11:24:45","slug":"marzena-chelminiak","status":"publish","type":"page","link":"https:\/\/mchelminiak.pl\/","title":{"rendered":"Marzena Che\u0142miniak"},"content":{"rendered":"<p>[et_pb_section fb_built=&#8221;1&#8243; _builder_version=&#8221;4.20.0&#8243; _module_preset=&#8221;default&#8221; custom_margin=&#8221;0px|0px|0px|0px|false|false&#8221; custom_padding=&#8221;0px|0px|0px|0px|false|false&#8221; global_colors_info=&#8221;{}&#8221;][et_pb_row column_structure=&#8221;1_2,1_2&#8243; use_custom_gutter=&#8221;on&#8221; gutter_width=&#8221;1&#8243; make_equal=&#8221;on&#8221; _builder_version=&#8221;4.20.0&#8243; _module_preset=&#8221;default&#8221; global_colors_info=&#8221;{}&#8221;][et_pb_column type=&#8221;1_2&#8243; _builder_version=&#8221;4.20.0&#8243; _module_preset=&#8221;default&#8221; global_colors_info=&#8221;{}&#8221;][et_pb_text _builder_version=&#8221;4.20.0&#8243; _module_preset=&#8221;default&#8221; text_font=&#8221;Lato||||||||&#8221; text_font_size=&#8221;16px&#8221; text_line_height=&#8221;1.6em&#8221; header_font=&#8221;Patrick Hand SC||||||||&#8221; header_text_align=&#8221;center&#8221; header_font_size=&#8221;50px&#8221; header_line_height=&#8221;1.6em&#8221; positioning=&#8221;absolute&#8221; position_origin_a=&#8221;center_left&#8221; text_orientation=&#8221;justified&#8221; width=&#8221;100%&#8221; hover_enabled=&#8221;0&#8243; global_colors_info=&#8221;{}&#8221; sticky_enabled=&#8221;0&#8243;]<\/p>\n<h1>Marzena Che\u0142miniak<\/h1>\n<p>S\u0142ucham. Rozmawiam. Do\u015bwiadczam.<br \/>Zawodowo i z pasji &#8211; dziennikarka, radiowiec, felietonistka, obserwatorka i komentatorka. Coach.<br \/>Wie\u015b, jezioro, w\u0142asne jedzenie, slow-life, koty, van life, podr\u00f3\u017ce bez daty powrotu, ksi\u0105\u017cki, filmy, natura &#8211; z wyboru.<\/p>\n<p>marzena.chelminiak (at) gmail.com<\/p>\n<p>[\/et_pb_text][\/et_pb_column][et_pb_column type=&#8221;1_2&#8243; _builder_version=&#8221;4.20.0&#8243; _module_preset=&#8221;default&#8221; global_colors_info=&#8221;{}&#8221;][et_pb_image src=&#8221;https:\/\/mchelminiak.pl\/wp-content\/uploads\/2023\/03\/IMG_5018-e1556623296848-removebg-preview-1.png&#8221; title_text=&#8221;IMG_5018-e1556623296848-removebg-preview (1)&#8221; _builder_version=&#8221;4.20.0&#8243; _module_preset=&#8221;default&#8221; width=&#8221;100%&#8221; global_colors_info=&#8221;{}&#8221;][\/et_pb_image][\/et_pb_column][\/et_pb_row][\/et_pb_section]<\/p>\n","protected":false},"excerpt":{"rendered":"<p>Marzena Che\u0142miniak S\u0142ucham. Rozmawiam. Do\u015bwiadczam.Zawodowo i z pasji &#8211; dziennikarka, radiowiec, felietonistka, obserwatorka i komentatorka. Coach.Wie\u015b, jezioro, w\u0142asne jedzenie, slow-life, koty, van life, podr\u00f3\u017ce bez daty powrotu, ksi\u0105\u017cki, filmy, natura &#8211; z wyboru. marzena.chelminiak (at) gmail.com<\/p>\n","protected":false},"author":1,"featured_media":0,"parent":0,"menu_order":0,"comment_status":"closed","ping_status":"closed","template":"page-template-blank.php","meta":{"_et_pb_use_builder":"on","_et_pb_old_content":"","_et_gb_content_width":""},"_links":{"self":[{"href":"https:\/\/mchelminiak.pl\/index.php?rest_route=\/wp\/v2\/pages\/6"}],"collection":[{"href":"https:\/\/mchelminiak.pl\/index.php?rest_route=\/wp\/v2\/pages"}],"about":[{"href":"https:\/\/mchelminiak.pl\/index.php?rest_route=\/wp\/v2\/types\/page"}],"author":[{"embeddable":true,"href":"https:\/\/mchelminiak.pl\/index.php?rest_route=\/wp\/v2\/users\/1"}],"replies":[{"embeddable":true,"href":"https:\/\/mchelminiak.pl\/index.php?rest_route=%2Fwp%2Fv2%2Fcomments&post=6"}],"version-history":[{"count":4,"href":"https:\/\/mchelminiak.pl\/index.php?rest_route=\/wp\/v2\/pages\/6\/revisions"}],"predecessor-version":[{"id":16,"href":"https:\/\/mchelminiak.pl\/index.php?rest_route=\/wp\/v2\/pages\/6\/revisions\/16"}],"wp:attachment":[{"href":"https:\/\/mchelminiak.pl\/index.php?rest_route=%2Fwp%2Fv2%2Fmedia&parent=6"}],"curies":[{"name":"wp","href":"https:\/\/api.w.org\/{rel}","templated":true}]}}